-10. Let p = f - -7. Suppose r = 4*r + 12, p*o - 38 = 3*r. What is the units digit of o?
3
Let r be 10*(-1)/2*-1. Suppose -3*w = -z + 5, 0 = 4*z - r*w - 4 + 5. Let i = z - -17. What is the units digit of i?
3
Suppose 3*k - 78 - 63 = 0. What is the units digit of k?
7
Let k be -4*3/6 + 35. What is the tens digit of -5 + 5 - (0 - k)?
3
Let h be (-2)/(-1) + -6 + 0. Let l(v) = 7*v**2 + 4*v - 2*v**2 + 2 + v**3 - v. What is the units digit of l(h)?
6
Suppose 4*m - 2*m = 8. Suppose m*u + 18 = u. Let k = u + 7. What is the units digit of k?
1
Let n(u) = u**3 - 4*u**2 - 6*u + 9. Suppose -33 = -5*a - 3. What is the tens digit of n(a)?
4
Suppose 0 = -3*h + h + 5*y + 30, 4*h = -3*y + 8. What is the units digit of h?
5
Suppose -3*w = w - 8. Let n be 1/(w - 5/2). What is the units digit of (-6)/(-4) + (-1)/n?
2
What is the tens digit of ((-468)/(-2) - -1) + 0/(-12)?
3
Let l = 9 + -5. Suppose 0 = l*m - 3*h + 4*h - 1, -h = 3. What is the units digit of m?
1
Suppose -4*k = -5 - 11. Let v = -2 - k. Let h(p) = -p + 1. What is the units digit of h(v)?
7
Let j = 6 + -8. Let h = -11 + 9. What is the units digit of (-1 + 8)/(h/j)?
7
Let g = 18 - 12. Let n(b) be the first derivative of -b**3/3 + 3*b**2 + 3*b + 3. What is the units digit of n(g)?
3
What is the units digit of (-1 - 0)/(5/(-620))?
4
Let m(n) = 8*n**2 + n. Let g(i) = -23*i**2 - 3*i. Let j(o) = -6*g(o) - 17*m(o). Let s be j(2). What is the units digit of 1/(1 + (-8)/s)?
5
What is the tens digit of 296/(-12)*(-18)/4?
1
What is the units digit of (-28)/3*189/(-36)?
9
Suppose -5*b + 8 + 7 = 0. Suppose -b*u - 144 = -7*u. Suppose -2*p - 6 = -2*v - 0, -5*v - 2*p = -u. What is the units digit of v?
6
Let u = 24 - -12. Suppose -f - 5*w = -u, 5*f - 5*w + w - 35 = 0. What is the units digit of f?
1
Suppose -120 = -3*z + 3*c, 200 = 5*z - 3*c - c. Let p = z - 26. What is the units digit of p?
4
Let k be -4 + 6 - (-2 + 1). Suppose 16 = k*b - 32. What is the tens digit of b?
1
Let z(r) = -5*r - 7*r**2 + 9*r + 5 + r**3 + 3*r. What is the tens digit of z(6)?
1
Let j(u) = u**3 - 4*u**2 - 6*u + 5. Let l be j(5). Suppose l = 3*m + 5*a + 2 + 8, 0 = 5*m - a - 2. Let y = m + 1. What is the units digit of y?
1
Let d = 13 + -7. What is the units digit of (78/(-9))/((-4)/d)?
3
Let z = -19 + 9. Let q be (-3)/(-2 + (-14)/z). Let d = q - 0. What is the units digit of d?
5
Suppose r - 6*z = -4*z - 21, r - 4*z = -31. What is the units digit of ((-16)/10)/(r/55)?
8
Let o be ((-12)/(-9))/((-2)/(-9)). Let d be o/9 + (-44)/(-6). Suppose 0 = -2*p - 0*p + d. What is the units digit of p?
4
Suppose -p + 9 = 2*u, -3 = 3*p - 4*u + 10. What is the units digit of p?
1
Let h(q) = q**3 - 5*q**2 - q + 16. What is the units digit of h(9)?
1
Suppose 35 = 2*d - 7*d. Let j = 9 + d. What is the units digit of j?
2
Suppose 0*t - 5*i = -4*t + 2, 0 = 3*t + i - 11. Suppose 20 = -4*n, -9 = -4*w + w + t*n. What is the units digit of (-4)/5*15/w?
6
Let y be (0 + 0)*-1*1. Suppose y = -k + 2*k - 13. What is the units digit of k?
3
Suppose a + a = -18. Let p = 13 + a. What is the units digit of p?
4
Let k = 13 + -7. Suppose -k + 2 = -4*c. What is the units digit of c?
1
Let p = 7 - 9. What is the units digit of 3 - (p - (-4)/2)?
3
Suppose 444 = 2*c + 134. Suppose -k + 2*w + 36 = 0, 4*w - 43 + c = 3*k. What is the tens digit of k?
4
Suppose z - 4 = -z. Suppose j + z = 9. What is the units digit of j?
7
Let c(f) = 6*f**2 + f. Let l be c(-1). Suppose -4*u - 32 = -l*q - 8*u, 5*u - 19 = -q. What is the units digit of q?
4
Let g(t) = t**3 + t**2 + t - 11. Let a be g(0). Let b(z) = z + 16. Let k be b(a). Suppose -4*s - w + 17 = -25, 4*s = -k*w + 50. What is the tens digit of s?
1
Let m = 1 + 0. What is the tens digit of 4/(-8)*-24*m?
1
Suppose -24*j = -26*j + 12. What is the units digit of j?
6
Let o(w) = 2*w**2 - w - 3. Let c = -7 + 10. What is the units digit of o(c)?
2
Let k be (2 + (-4)/(-1))/2. Suppose -k*w - 44 = -116. What is the units digit of w?
4
Let l = 2 - 0. Suppose 4*g - l*g = 0. Suppose 64 = 4*k - g. What is the units digit of k?
6
Suppose -4 = 3*o - 1. Let m be (-1)/1*(o + 1). Suppose m = 5*a - 101 + 36. What is the tens digit of a?
1
Let g(y) = -5*y**2 - 7*y - 20. Let j(i) = -4 + 1 - 10 - 3*i**2 - 5*i. Let x(q) = -5*g(q) + 8*j(q). What is the units digit of x(6)?
2
Suppose 396 = 5*a - 174. Suppose 3*j = -0*j + 5*x + a, 4*j = -5*x + 187. What is the units digit of j?
3
Suppose 0 = 5*q + 2*q - 504. What is the units digit of q?
2
Suppose -3*c + 10 = -8. Suppose -p - 5*v = c, 4*v + 32 - 2 = p. What is the units digit of p?
4
Let b = 6 - 4. Let t be (1 - 10)*(1 - b). Let k = t - 0. What is the units digit of k?
9
Suppose -3*g + 7 = -11. What is the units digit of g?
6
Let v be 8/(-28) + 68/(-7). Let d = v - -16. Let j = 9 + d. What is the units digit of j?
5
Let c(i) be the second derivative of 0*i**2 - 1/3*i**3 + 0 + 1/20*i**5 + 1/4*i**4 + i. What is the units digit of c(-2)?
8
Suppose 2 + 3 = -y, 0 = 5*j - 4*y - 40. Suppose t + 51 = j*t. What is the tens digit of t?
1
What is the tens digit of (-5)/((5/(-15))/(33/9))?
5
Let l(m) = -6*m - 39. Let s(v) = v + 8. Let d(c) = 5*l(c) + 24*s(c). What is the units digit of d(-8)?
5
Suppose -a + 5 - 3 = 0. Suppose -15 = -5*c, -a*i - 5*c + 57 = -22. What is the tens digit of i?
3
Let r = 6 + 20. What is the units digit of r?
6
Suppose -123 - 100 = -g. What is the hundreds digit of g?
2
Suppose -5 = 5*d, -3*d = -5*o + 17 + 1. What is the units digit of o?
3
Suppose -2*a + 4*f + 4 = a, 2*a - 3*f = 3. Suppose a = -x + 3*x - 40. Let v = x + -4. What is the tens digit of v?
1
Let c = -18 - -35. What is the tens digit of c?
1
Suppose -5*y + 3 = -l + 1, 5*y = -4*l + 17. Let b be (5/2)/(l/6). Suppose -2*d + 3*a + b = -9, -2*d = a + 2. What is the units digit of d?
1
Suppose 0*p = -3*p + 162. What is the units digit of p?
4
Let n(p) = -p**2 - 8*p + 3. Let k(w) = -4*w**2 - 32*w + 12. Let g(b) = -2*k(b) + 9*n(b). Let q be g(-6). Let t = -9 + q. What is the units digit of t?
6
Let s be 3 - (-2 - -2)/(-3). Suppose -5*i + 16 + s = 4*v, -v = 4. What is the units digit of i?
7
Suppose 6*h - t - 1343 = 2*h, 3*h + 2*t - 999 = 0. What is the tens digit of h?
3
Let w = 8 + 14. Suppose -w = -3*q + 5. What is the units digit of q?
9
What is the units digit of (-6)/9*54/(-4)?
9
Let o be ((-4)/12)/(2/(-12)). Suppose 133 = 3*w - 5*r, -5*w - o*r + 134 = -w. Let z = -15 + w. What is the tens digit of z?
2
Let k(x) = -x**3 + 6*x**2 + 5. Let w be k(6). Let j(c) = c. Let m be j(w). Suppose 0*d - 1 = 2*d + 5*f, -m*f - 85 = -5*d. What is the units digit of d?
2
Let o(t) be the third derivative of t**6/120 - t**5/20 - 2*t**3/3 - 3*t**2. What is the tens digit of o(4)?
1
Let i(n) = 7*n + 40. What is the tens digit of i(14)?
3
Let u(m) = -m + 2. Let y be (-1)/(0 + 1) - 7. Let g be u(y). Let p = 22 - g. What is the tens digit of p?
1
Suppose -2*g - 41 = -5*n + 37, -3*g + 44 = 4*n. What is the units digit of n?
4
Let v(y) = 49*y**2 + y + 1. What is the tens digit of v(-1)?
4
Let n = 62 - 3. What is the units digit of n?
9
Let w(k) = 2*k**2 - 2*k - 4. What is the units digit of w(-3)?
0
Suppose -93 = -3*o + 264. What is the units digit of o?
9
Suppose 2*w - 4 = 2*a, -2*a = a - 5*w + 10. Suppose 3*i + p + 2*p + 6 = 0, 4*i + 2*p + 2 = a. What is the units digit of i?
1
Let w = -11 - -36. Let f be 160/w - 4/10. Suppose 0 = -2*p + f*p - 44. What is the tens digit of p?
1
Let c be (-366)/24 - 1/(-4). Let b be (-20)/c - (-2)/(-6). Suppose -g + 5 = b. What is the units digit of g?
4
Let w(t) = -5*t. Let g be w(1). Let b = g + 9. Suppose -k - b = -c - 3, 4*k - 3*c = -2. What is the units digit of k?
1
Let o = -52 - -51. Let k(w) = -9*w - 1 + 1. What is the units digit of k(o)?
9
What is the tens digit of 4 - -15*56/12?
7
What is the tens digit of (-26)/65 - 157/(-5)?
3
What is the tens digit of -23*((-8)/32)/(1/4)?
2
What is the tens digit of 7 + 82 + (3 - 1)?
9
Suppose 2 = d - 7. Let m = 0 - -3. Let t = d - m. What is the units digit of t?
6
Let c(k) = 8*k + 6. Let o be c(8). Suppose o = 5*j - 100. What is the units digit of j?
4
Suppose -2*h = -h - 49. Suppose 5*j = 41 + h. Let c = j + -12. What is the units digit of c?
6
Suppose 0 = 2*k + 4*x + 8 - 26, 2*k + 5*x - 23 = 0. Let y be (-2)/2 + 0/5. What is the units digit of k + (8 - (-2)/y)?
5
Suppose -28 